{"id":1174,"date":"2025-04-14T10:02:53","date_gmt":"2025-04-14T08:02:53","guid":{"rendered":"https:\/\/fundacjavoxdei.pl\/?page_id=1174"},"modified":"2025-04-14T10:05:40","modified_gmt":"2025-04-14T08:05:40","slug":"podopieczni","status":"publish","type":"page","link":"https:\/\/fundacjavoxdei.pl\/?page_id=1174","title":{"rendered":"Podopieczni"},"content":{"rendered":"\t\t<div data-elementor-type=\"page\" data-elementor-id=\"1174\" class=\"elementor elementor-1174\">\n\t\t\t\t\t\t<section class=\"elementor-section elementor-top-section elementor-element elementor-element-47de94f6 elementor-section-boxed elementor-section-height-default elementor-section-height-default\" data-id=\"47de94f6\" data-element_type=\"section\" data-settings=\"{&quot;background_background&quot;:&quot;classic&quot;}\">\n\t\t\t\t\t\t\t<div class=\"elementor-background-overlay\"><\/div>\n\t\t\t\t\t\t\t<div class=\"elementor-container elementor-column-gap-no\">\n\t\t\t\t\t<div class=\"elementor-column elementor-col-100 elementor-top-column elementor-element elementor-element-503e69d1\" data-id=\"503e69d1\" data-element_type=\"column\">\n\t\t\t<div class=\"elementor-widget-wrap elementor-element-populated\">\n\t\t\t\t\t\t<section class=\"elementor-section elementor-inner-section elementor-element elementor-element-6dcca81 elementor-section-boxed elementor-section-height-default elementor-section-height-default\" data-id=\"6dcca81\" data-element_type=\"section\">\n\t\t\t\t\t\t<div class=\"elementor-container elementor-column-gap-no\">\n\t\t\t\t\t<div class=\"elementor-column elementor-col-100 elementor-inner-column elementor-element elementor-element-6948bd27\" data-id=\"6948bd27\" data-element_type=\"column\">\n\t\t\t<div class=\"elementor-widget-wrap elementor-element-populated\">\n\t\t\t\t\t\t<div class=\"elementor-element elementor-element-7a51fec6 elementor-widget elementor-widget-heading\" data-id=\"7a51fec6\" data-element_type=\"widget\" data-widget_type=\"heading.default\">\n\t\t\t\t<div class=\"elementor-widget-container\">\n\t\t\t\t\t<h1 class=\"elementor-heading-title elementor-size-default\">Podopieczni<\/h1>\t\t\t\t<\/div>\n\t\t\t\t<\/div>\n\t\t\t\t<div class=\"elementor-element elementor-element-594eb107 elementor-widget elementor-widget-text-editor\" data-id=\"594eb107\" data-element_type=\"widget\" data-widget_type=\"text-editor.default\">\n\t\t\t\t<div class=\"elementor-widget-container\">\n\t\t\t\t\t\t\t\t\t<p>Fundacja VoxDei to chrze\u015bcija\u0144ska organizacja wspieraj\u0105ca rodziny, dzieci i m\u0142odzie\u017c w potrzebie.\u00a0<\/p>\t\t\t\t\t\t\t\t<\/div>\n\t\t\t\t<\/div>\n\t\t\t\t\t<\/div>\n\t\t<\/div>\n\t\t\t\t\t<\/div>\n\t\t<\/section>\n\t\t\t\t\t<\/div>\n\t\t<\/div>\n\t\t\t\t\t<\/div>\n\t\t<\/section>\n\t\t\t\t<section class=\"elementor-section elementor-top-section elementor-element elementor-element-723b6074 elementor-section-full_width elementor-section-content-middle elementor-section-height-default elementor-section-height-default\" data-id=\"723b6074\" data-element_type=\"section\" data-settings=\"{&quot;background_background&quot;:&quot;classic&quot;}\">\n\t\t\t\t\t\t<div class=\"elementor-container elementor-column-gap-no\">\n\t\t\t\t\t<div class=\"elementor-column elementor-col-50 elementor-top-column elementor-element elementor-element-54ff257b elementor-invisible\" data-id=\"54ff257b\" data-element_type=\"column\" data-settings=\"{&quot;animation&quot;:&quot;fadeInRight&quot;}\">\n\t\t\t<div class=\"elementor-widget-wrap elementor-element-populated\">\n\t\t\t\t\t\t<div class=\"elementor-element elementor-element-1b641a8e elementor-widget__width-initial elementor-widget elementor-widget-heading\" data-id=\"1b641a8e\" data-element_type=\"widget\" data-widget_type=\"heading.default\">\n\t\t\t\t<div class=\"elementor-widget-container\">\n\t\t\t\t\t<h2 class=\"elementor-heading-title elementor-size-default\">Podopieczni fundacji Vox Dei<\/h2>\t\t\t\t<\/div>\n\t\t\t\t<\/div>\n\t\t\t\t<div class=\"elementor-element elementor-element-ea85181 elementor-widget__width-initial elementor-widget elementor-widget-heading\" data-id=\"ea85181\" data-element_type=\"widget\" data-widget_type=\"heading.default\">\n\t\t\t\t<div class=\"elementor-widget-container\">\n\t\t\t\t\t<h3 class=\"elementor-heading-title elementor-size-default\">Fundacja Vox Dei \u2013 mi\u0142o\u015b\u0107, wsparcie <br>i godno\u015b\u0107 dla ka\u017cdego<\/h3>\t\t\t\t<\/div>\n\t\t\t\t<\/div>\n\t\t\t\t<div class=\"elementor-element elementor-element-149fb891 elementor-widget elementor-widget-spacer\" data-id=\"149fb891\" data-element_type=\"widget\" data-widget_type=\"spacer.default\">\n\t\t\t\t<div class=\"elementor-widget-container\">\n\t\t\t\t\t\t\t<div class=\"elementor-spacer\">\n\t\t\t<div class=\"elementor-spacer-inner\"><\/div>\n\t\t<\/div>\n\t\t\t\t\t\t<\/div>\n\t\t\t\t<\/div>\n\t\t\t\t<div class=\"elementor-element elementor-element-53f90e38 elementor-widget__width-initial elementor-widget elementor-widget-text-editor\" data-id=\"53f90e38\" data-element_type=\"widget\" data-widget_type=\"text-editor.default\">\n\t\t\t\t<div class=\"elementor-widget-container\">\n\t\t\t\t\t\t\t\t\t<p>Fundacja Vox Dei zosta\u0142a za\u0142o\u017cona z g\u0142\u0119bokiej wiary <br \/>i przekonania, \u017ce ka\u017cdy cz\u0142owiek zas\u0142uguje na mi\u0142o\u015b\u0107, wsparcie <br \/>i godno\u015b\u0107. Nasz\u0105 misj\u0105 jest ochrona \u017cycia <br \/>oraz niesienie pomocy rodzinom, dzieciom i m\u0142odzie\u017cy <br \/>w najtrudniejszych momentach ich \u017cycia. Kierujemy si\u0119 warto\u015bciami chrze\u015bcija\u0144skimi \u2013 mi\u0142o\u015bci\u0105, solidarno\u015bci\u0105 i wzajemnym szacunkiem, co pozwala budowa\u0107 zdrowsze i silniejsze spo\u0142eczno\u015bci.<\/p>\t\t\t\t\t\t\t\t<\/div>\n\t\t\t\t<\/div>\n\t\t\t\t<div class=\"elementor-element elementor-element-3bf66649 elementor-widget elementor-widget-spacer\" data-id=\"3bf66649\" data-element_type=\"widget\" data-widget_type=\"spacer.default\">\n\t\t\t\t<div class=\"elementor-widget-container\">\n\t\t\t\t\t\t\t<div class=\"elementor-spacer\">\n\t\t\t<div class=\"elementor-spacer-inner\"><\/div>\n\t\t<\/div>\n\t\t\t\t\t\t<\/div>\n\t\t\t\t<\/div>\n\t\t\t\t\t<\/div>\n\t\t<\/div>\n\t\t\t\t<div class=\"elementor-column elementor-col-50 elementor-top-column elementor-element elementor-element-98003e8 elementor-invisible\" data-id=\"98003e8\" data-element_type=\"column\" data-settings=\"{&quot;animation&quot;:&quot;fadeInRight&quot;}\">\n\t\t\t<div class=\"elementor-widget-wrap elementor-element-populated\">\n\t\t\t\t\t\t<div class=\"elementor-element elementor-element-c89b8b9 elementor-widget elementor-widget-image\" data-id=\"c89b8b9\" data-element_type=\"widget\" data-widget_type=\"image.default\">\n\t\t\t\t<div class=\"elementor-widget-container\">\n\t\t\t\t\t\t\t\t\t\t\t\t\t\t\t<img loading=\"lazy\" decoding=\"async\" width=\"845\" height=\"833\" src=\"https:\/\/fundacjavoxdei.pl\/wp-content\/uploads\/2025\/03\/Projekt-bez-nazwy-2025-03-11T135700.756.png\" class=\"attachment-full size-full wp-image-887\" alt=\"\" srcset=\"https:\/\/fundacjavoxdei.pl\/wp-content\/uploads\/2025\/03\/Projekt-bez-nazwy-2025-03-11T135700.756.png 845w, https:\/\/fundacjavoxdei.pl\/wp-content\/uploads\/2025\/03\/Projekt-bez-nazwy-2025-03-11T135700.756-300x296.png 300w, https:\/\/fundacjavoxdei.pl\/wp-content\/uploads\/2025\/03\/Projekt-bez-nazwy-2025-03-11T135700.756-768x757.png 768w\" sizes=\"(max-width: 845px) 100vw, 845px\" \/>\t\t\t\t\t\t\t\t\t\t\t\t\t\t\t<\/div>\n\t\t\t\t<\/div>\n\t\t\t\t\t<\/div>\n\t\t<\/div>\n\t\t\t\t\t<\/div>\n\t\t<\/section>\n\t\t<div class=\"elementor-element elementor-element-343c68c e-flex e-con-boxed e-con e-parent\" data-id=\"343c68c\" data-element_type=\"container\">\n\t\t\t\t\t<div class=\"e-con-inner\">\n\t\t\t\t<div class=\"elementor-element elementor-element-18a3778 elementor-widget elementor-widget-ucaddon_post_blocks\" data-id=\"18a3778\" data-element_type=\"widget\" data-widget_type=\"ucaddon_post_blocks.default\">\n\t\t\t\t<div class=\"elementor-widget-container\">\n\t\t\t\t\t\n<!-- start Post Blocks -->\n\t\t<link id='font-awesome-css' href='https:\/\/fundacjavoxdei.pl\/wp-content\/plugins\/unlimited-elements-for-elementor\/assets_libraries\/font-awesome6\/fontawesome-all.min.css' type='text\/css' rel='stylesheet' >\n\t\t<link id='font-awesome-4-shim-css' href='https:\/\/fundacjavoxdei.pl\/wp-content\/plugins\/unlimited-elements-for-elementor\/assets_libraries\/font-awesome6\/fontawesome-v4-shims.min.css' type='text\/css' rel='stylesheet' >\n\n<style>\/* widget: Post Blocks *\/\n\n\n\n#uc_post_blocks_elementor_18a3778 {\n    display:grid;\n}\n#uc_post_blocks_elementor_18a3778 .ue_post_blocks_box\n{\n  overflow:hidden;\n}\n\n#uc_post_blocks_elementor_18a3778 .ue_post_blocks_image\n{\n  overflow:hidden;\n}\n#uc_post_blocks_elementor_18a3778 .ue_post_blocks_image img\n{\n  width:100%;\n  display:block;\n}\n#uc_post_blocks_elementor_18a3778 .ue_post_blocks_link a\n{\n  display:inline-block;\n  text-decoration:none;\n  text-align:center;\n}\n\n\n#uc_post_blocks_elementor_18a3778 .ue-grid-item-meta-data\n{\n  display:inlin-flex;\n  flex-wrap: wrap;\n}\n\n.ue-grid-item-meta-data\n{\n  font-size:12px;\n}\n\n#uc_post_blocks_elementor_18a3778 .ue-grid-item-meta-data-icon\n{\n  line-height:1em;\n}\n\n#uc_post_blocks_elementor_18a3778 .ue-grid-item-meta-data-icon svg\n{\n  width:1em;\n  height:1em;\n}\n\n#uc_post_blocks_elementor_18a3778 .ue_post_blocks_box{\n  display: flex;\n  flex-direction: column;\n}\n#uc_post_blocks_elementor_18a3778 .ue_post_blocks_content{\n display: flex; flex-grow: 1;\n flex-direction: column;\n}\n#uc_post_blocks_elementor_18a3778 .ue_post_blocks_link{ margin-top: auto;\n}\n\n.ue-grid-item-category a\n{\n  display:inline-block;\n  font-size:10px;\n  text-transform:uppercase;\n}\n\n\n\n\n<\/style>\n\n<div id=\"uc_post_blocks_elementor_18a3778\" class=\"ue_post_blocks uc-items-wrapper \" >\n    <div class=\"ue_post_blocks_box\">\n    <div class=\"ue_post_blocks_image\">\n    <a href=\"https:\/\/fundacjavoxdei.pl\/?p=1207\" style=\"display:block;\"><img loading=\"lazy\" decoding=\"async\" src=\"https:\/\/fundacjavoxdei.pl\/wp-content\/uploads\/2025\/05\/9114aac1-9fcc-48e9-a2de-b9514b5e0ea7-768x1024.jpeg\"  src=\"https:\/\/fundacjavoxdei.pl\/wp-content\/uploads\/2025\/05\/9114aac1-9fcc-48e9-a2de-b9514b5e0ea7-768x1024.jpeg\" alt=\"9114aac1-9fcc-48e9-a2de-b9514b5e0ea7\" width=\"768\" height=\"1024\"><\/a>\n  <\/div>\n    <div class=\"ue_post_blocks_content\">\n      \n     \n         \n    <div class=\"ue_post_blocks_title\"><a href=\"https:\/\/fundacjavoxdei.pl\/?p=1207\">Aleksander Narodzonek<\/a><\/div>    \n        \n    \n            \t<div class=\"ue_post_blocks_link\">\n          <a class=\"elementor-animation-grow \" href='https:\/\/fundacjavoxdei.pl\/?p=1207'>Dowiedz si\u0119 wi\u0119cej<\/a>\n    \t<\/div>\n      <\/div>\n<\/div>\n<div class=\"ue_post_blocks_box\">\n    <div class=\"ue_post_blocks_image\">\n    <a href=\"https:\/\/fundacjavoxdei.pl\/?p=1032\" style=\"display:block;\"><img loading=\"lazy\" decoding=\"async\" src=\"https:\/\/fundacjavoxdei.pl\/wp-content\/uploads\/2025\/04\/Projekt-bez-nazwy-2025-04-03T105343.165.png\"  src=\"https:\/\/fundacjavoxdei.pl\/wp-content\/uploads\/2025\/04\/Projekt-bez-nazwy-2025-04-03T105343.165.png\" alt=\"Projekt bez nazwy - 2025-04-03T105343\" width=\"400\" height=\"200\"><\/a>\n  <\/div>\n    <div class=\"ue_post_blocks_content\">\n      \n     \n         \n    <div class=\"ue_post_blocks_title\"><a href=\"https:\/\/fundacjavoxdei.pl\/?p=1032\">Liliana Suszy\u0144ska<\/a><\/div>    \n        \n    \n            \t<div class=\"ue_post_blocks_link\">\n          <a class=\"elementor-animation-grow \" href='https:\/\/fundacjavoxdei.pl\/?p=1032'>Dowiedz si\u0119 wi\u0119cej<\/a>\n    \t<\/div>\n      <\/div>\n<\/div>\n\n<\/div>\n<!-- end Post Blocks -->\t\t\t\t<\/div>\n\t\t\t\t<\/div>\n\t\t\t\t\t<\/div>\n\t\t\t\t<\/div>\n\t\t<div class=\"elementor-element elementor-element-ac5fc4a e-flex e-con-boxed e-con e-parent\" data-id=\"ac5fc4a\" data-element_type=\"container\" data-settings=\"{&quot;background_background&quot;:&quot;classic&quot;}\">\n\t\t\t\t\t<div class=\"e-con-inner\">\n\t\t\t\t<div class=\"elementor-element elementor-element-12c5959 elementor-widget elementor-widget-button\" data-id=\"12c5959\" data-element_type=\"widget\" data-widget_type=\"button.default\">\n\t\t\t\t<div class=\"elementor-widget-container\">\n\t\t\t\t\t\t\t\t\t<div class=\"elementor-button-wrapper\">\n\t\t\t\t\t<a class=\"elementor-button elementor-button-link elementor-size-sm\" href=\"https:\/\/fundacjavoxdei.pl\/?page_id=934\">\n\t\t\t\t\t\t<span class=\"elementor-button-content-wrapper\">\n\t\t\t\t\t\t\t\t\t<span class=\"elementor-button-text\">Skontaktuj si\u0119 z nami<\/span>\n\t\t\t\t\t<\/span>\n\t\t\t\t\t<\/a>\n\t\t\t\t<\/div>\n\t\t\t\t\t\t\t\t<\/div>\n\t\t\t\t<\/div>\n\t\t\t\t<div class=\"elementor-element elementor-element-9298dd4 elementor-widget elementor-widget-button\" data-id=\"9298dd4\" data-element_type=\"widget\" data-widget_type=\"button.default\">\n\t\t\t\t<div class=\"elementor-widget-container\">\n\t\t\t\t\t\t\t\t\t<div class=\"elementor-button-wrapper\">\n\t\t\t\t\t<a class=\"elementor-button elementor-button-link elementor-size-sm\" href=\"https:\/\/fundacjavoxdei.pl\/#formularz\">\n\t\t\t\t\t\t<span class=\"elementor-button-content-wrapper\">\n\t\t\t\t\t\t\t\t\t<span class=\"elementor-button-text\">Formularz<\/span>\n\t\t\t\t\t<\/span>\n\t\t\t\t\t<\/a>\n\t\t\t\t<\/div>\n\t\t\t\t\t\t\t\t<\/div>\n\t\t\t\t<\/div>\n\t\t\t\t\t<\/div>\n\t\t\t\t<\/div>\n\t\t\t\t<\/div>\n\t\t","protected":false},"excerpt":{"rendered":"<p>Podopieczni Fundacja VoxDei to chrze\u015bcija\u0144ska organizacja wspieraj\u0105ca rodziny, dzieci i m\u0142odzie\u017c w potrzebie.\u00a0 Podopieczni fundacji Vox Dei Fundacja Vox Dei [&hellip;]<\/p>\n","protected":false},"author":1,"featured_media":0,"parent":0,"menu_order":0,"comment_status":"closed","ping_status":"closed","template":"elementor_header_footer","meta":{"site-sidebar-layout":"default","site-content-layout":"","ast-site-content-layout":"","site-content-style":"default","site-sidebar-style":"default","ast-global-header-display":"","ast-banner-title-visibility":"","ast-main-header-display":"","ast-hfb-above-header-display":"","ast-hfb-below-header-display":"","ast-hfb-mobile-header-display":"","site-post-title":"","ast-breadcrumbs-content":"","ast-featured-img":"","footer-sml-layout":"","theme-transparent-header-meta":"","adv-header-id-meta":"","stick-header-meta":"","header-above-stick-meta":"","header-main-stick-meta":"","header-below-stick-meta":"","astra-migrate-meta-layouts":"default","ast-page-background-enabled":"default","ast-page-background-meta":{"desktop":{"background-color":"var(--ast-global-color-5)","background-image":"","background-repeat":"repeat","background-position":"center center","background-size":"auto","background-attachment":"scroll","background-type":"","background-media":"","overlay-type":"","overlay-color":"","overlay-opacity":"","overlay-gradient":""},"tablet":{"background-color":"","background-image":"","background-repeat":"repeat","background-position":"center center","background-size":"auto","background-attachment":"scroll","background-type":"","background-media":"","overlay-type":"","overlay-color":"","overlay-opacity":"","overlay-gradient":""},"mobile":{"background-color":"","background-image":"","background-repeat":"repeat","background-position":"center center","background-size":"auto","background-attachment":"scroll","background-type":"","background-media":"","overlay-type":"","overlay-color":"","overlay-opacity":"","overlay-gradient":""}},"ast-content-background-meta":{"desktop":{"background-color":"var(--ast-global-color-4)","background-image":"","background-repeat":"repeat","background-position":"center center","background-size":"auto","background-attachment":"scroll","background-type":"","background-media":"","overlay-type":"","overlay-color":"","overlay-opacity":"","overlay-gradient":""},"tablet":{"background-color":"var(--ast-global-color-4)","background-image":"","background-repeat":"repeat","background-position":"center center","background-size":"auto","background-attachment":"scroll","background-type":"","background-media":"","overlay-type":"","overlay-color":"","overlay-opacity":"","overlay-gradient":""},"mobile":{"background-color":"var(--ast-global-color-4)","background-image":"","background-repeat":"repeat","background-position":"center center","background-size":"auto","background-attachment":"scroll","background-type":"","background-media":"","overlay-type":"","overlay-color":"","overlay-opacity":"","overlay-gradient":""}},"footnotes":""},"class_list":["post-1174","page","type-page","status-publish","hentry"],"yoast_head":"<!-- This site is optimized with the Yoast SEO plugin v24.8.1 - https:\/\/yoast.com\/wordpress\/plugins\/seo\/ -->\n<title>Podopieczni - Fundacja Vox Dei<\/title>\n<meta name=\"robots\" content=\"index, follow, max-snippet:-1, max-image-preview:large, max-video-preview:-1\" \/>\n<link rel=\"canonical\" href=\"https:\/\/fundacjavoxdei.pl\/?page_id=1174\" \/>\n<meta property=\"og:locale\" content=\"en_US\" \/>\n<meta property=\"og:type\" content=\"article\" \/>\n<meta property=\"og:title\" content=\"Podopieczni - Fundacja Vox Dei\" \/>\n<meta property=\"og:description\" content=\"Podopieczni Fundacja VoxDei to chrze\u015bcija\u0144ska organizacja wspieraj\u0105ca rodziny, dzieci i m\u0142odzie\u017c w potrzebie.\u00a0 Podopieczni fundacji Vox Dei Fundacja Vox Dei [&hellip;]\" \/>\n<meta property=\"og:url\" content=\"https:\/\/fundacjavoxdei.pl\/?page_id=1174\" \/>\n<meta property=\"og:site_name\" content=\"Fundacja Vox Dei\" \/>\n<meta property=\"article:modified_time\" content=\"2025-04-14T08:05:40+00:00\" \/>\n<meta property=\"og:image\" content=\"https:\/\/fundacjavoxdei.pl\/wp-content\/uploads\/2025\/03\/Projekt-bez-nazwy-2025-03-11T135700.756.png\" \/>\n<meta name=\"twitter:card\" content=\"summary_large_image\" \/>\n<script type=\"application\/ld+json\" class=\"yoast-schema-graph\">{\"@context\":\"https:\/\/schema.org\",\"@graph\":[{\"@type\":\"WebPage\",\"@id\":\"https:\/\/fundacjavoxdei.pl\/?page_id=1174\",\"url\":\"https:\/\/fundacjavoxdei.pl\/?page_id=1174\",\"name\":\"Podopieczni - Fundacja Vox Dei\",\"isPartOf\":{\"@id\":\"https:\/\/fundacjavoxdei.pl\/#website\"},\"primaryImageOfPage\":{\"@id\":\"https:\/\/fundacjavoxdei.pl\/?page_id=1174#primaryimage\"},\"image\":{\"@id\":\"https:\/\/fundacjavoxdei.pl\/?page_id=1174#primaryimage\"},\"thumbnailUrl\":\"https:\/\/fundacjavoxdei.pl\/wp-content\/uploads\/2025\/03\/Projekt-bez-nazwy-2025-03-11T135700.756.png\",\"datePublished\":\"2025-04-14T08:02:53+00:00\",\"dateModified\":\"2025-04-14T08:05:40+00:00\",\"breadcrumb\":{\"@id\":\"https:\/\/fundacjavoxdei.pl\/?page_id=1174#breadcrumb\"},\"inLanguage\":\"en-US\",\"potentialAction\":[{\"@type\":\"ReadAction\",\"target\":[\"https:\/\/fundacjavoxdei.pl\/?page_id=1174\"]}]},{\"@type\":\"ImageObject\",\"inLanguage\":\"en-US\",\"@id\":\"https:\/\/fundacjavoxdei.pl\/?page_id=1174#primaryimage\",\"url\":\"https:\/\/fundacjavoxdei.pl\/wp-content\/uploads\/2025\/03\/Projekt-bez-nazwy-2025-03-11T135700.756.png\",\"contentUrl\":\"https:\/\/fundacjavoxdei.pl\/wp-content\/uploads\/2025\/03\/Projekt-bez-nazwy-2025-03-11T135700.756.png\",\"width\":845,\"height\":833},{\"@type\":\"BreadcrumbList\",\"@id\":\"https:\/\/fundacjavoxdei.pl\/?page_id=1174#breadcrumb\",\"itemListElement\":[{\"@type\":\"ListItem\",\"position\":1,\"name\":\"Strona g\u0142\u00f3wna\",\"item\":\"https:\/\/fundacjavoxdei.pl\/\"},{\"@type\":\"ListItem\",\"position\":2,\"name\":\"Podopieczni\"}]},{\"@type\":\"WebSite\",\"@id\":\"https:\/\/fundacjavoxdei.pl\/#website\",\"url\":\"https:\/\/fundacjavoxdei.pl\/\",\"name\":\"Fundacja Vox Dei\",\"description\":\"Fundacja Vox Dei\",\"publisher\":{\"@id\":\"https:\/\/fundacjavoxdei.pl\/#organization\"},\"potentialAction\":[{\"@type\":\"SearchAction\",\"target\":{\"@type\":\"EntryPoint\",\"urlTemplate\":\"https:\/\/fundacjavoxdei.pl\/?s={search_term_string}\"},\"query-input\":{\"@type\":\"PropertyValueSpecification\",\"valueRequired\":true,\"valueName\":\"search_term_string\"}}],\"inLanguage\":\"en-US\"},{\"@type\":\"Organization\",\"@id\":\"https:\/\/fundacjavoxdei.pl\/#organization\",\"name\":\"Fundacja Vox Dei\",\"url\":\"https:\/\/fundacjavoxdei.pl\/\",\"logo\":{\"@type\":\"ImageObject\",\"inLanguage\":\"en-US\",\"@id\":\"https:\/\/fundacjavoxdei.pl\/#\/schema\/logo\/image\/\",\"url\":\"https:\/\/fundacjavoxdei.pl\/wp-content\/uploads\/2025\/02\/Logo-Fundacja-VoxDei.png\",\"contentUrl\":\"https:\/\/fundacjavoxdei.pl\/wp-content\/uploads\/2025\/02\/Logo-Fundacja-VoxDei.png\",\"width\":2832,\"height\":1556,\"caption\":\"Fundacja Vox Dei\"},\"image\":{\"@id\":\"https:\/\/fundacjavoxdei.pl\/#\/schema\/logo\/image\/\"}}]}<\/script>\n<!-- \/ Yoast SEO plugin. -->","yoast_head_json":{"title":"Podopieczni - Fundacja Vox Dei","robots":{"index":"index","follow":"follow","max-snippet":"max-snippet:-1","max-image-preview":"max-image-preview:large","max-video-preview":"max-video-preview:-1"},"canonical":"https:\/\/fundacjavoxdei.pl\/?page_id=1174","og_locale":"en_US","og_type":"article","og_title":"Podopieczni - Fundacja Vox Dei","og_description":"Podopieczni Fundacja VoxDei to chrze\u015bcija\u0144ska organizacja wspieraj\u0105ca rodziny, dzieci i m\u0142odzie\u017c w potrzebie.\u00a0 Podopieczni fundacji Vox Dei Fundacja Vox Dei [&hellip;]","og_url":"https:\/\/fundacjavoxdei.pl\/?page_id=1174","og_site_name":"Fundacja Vox Dei","article_modified_time":"2025-04-14T08:05:40+00:00","og_image":[{"url":"https:\/\/fundacjavoxdei.pl\/wp-content\/uploads\/2025\/03\/Projekt-bez-nazwy-2025-03-11T135700.756.png","type":"","width":"","height":""}],"twitter_card":"summary_large_image","schema":{"@context":"https:\/\/schema.org","@graph":[{"@type":"WebPage","@id":"https:\/\/fundacjavoxdei.pl\/?page_id=1174","url":"https:\/\/fundacjavoxdei.pl\/?page_id=1174","name":"Podopieczni - Fundacja Vox Dei","isPartOf":{"@id":"https:\/\/fundacjavoxdei.pl\/#website"},"primaryImageOfPage":{"@id":"https:\/\/fundacjavoxdei.pl\/?page_id=1174#primaryimage"},"image":{"@id":"https:\/\/fundacjavoxdei.pl\/?page_id=1174#primaryimage"},"thumbnailUrl":"https:\/\/fundacjavoxdei.pl\/wp-content\/uploads\/2025\/03\/Projekt-bez-nazwy-2025-03-11T135700.756.png","datePublished":"2025-04-14T08:02:53+00:00","dateModified":"2025-04-14T08:05:40+00:00","breadcrumb":{"@id":"https:\/\/fundacjavoxdei.pl\/?page_id=1174#breadcrumb"},"inLanguage":"en-US","potentialAction":[{"@type":"ReadAction","target":["https:\/\/fundacjavoxdei.pl\/?page_id=1174"]}]},{"@type":"ImageObject","inLanguage":"en-US","@id":"https:\/\/fundacjavoxdei.pl\/?page_id=1174#primaryimage","url":"https:\/\/fundacjavoxdei.pl\/wp-content\/uploads\/2025\/03\/Projekt-bez-nazwy-2025-03-11T135700.756.png","contentUrl":"https:\/\/fundacjavoxdei.pl\/wp-content\/uploads\/2025\/03\/Projekt-bez-nazwy-2025-03-11T135700.756.png","width":845,"height":833},{"@type":"BreadcrumbList","@id":"https:\/\/fundacjavoxdei.pl\/?page_id=1174#breadcrumb","itemListElement":[{"@type":"ListItem","position":1,"name":"Strona g\u0142\u00f3wna","item":"https:\/\/fundacjavoxdei.pl\/"},{"@type":"ListItem","position":2,"name":"Podopieczni"}]},{"@type":"WebSite","@id":"https:\/\/fundacjavoxdei.pl\/#website","url":"https:\/\/fundacjavoxdei.pl\/","name":"Fundacja Vox Dei","description":"Fundacja Vox Dei","publisher":{"@id":"https:\/\/fundacjavoxdei.pl\/#organization"},"potentialAction":[{"@type":"SearchAction","target":{"@type":"EntryPoint","urlTemplate":"https:\/\/fundacjavoxdei.pl\/?s={search_term_string}"},"query-input":{"@type":"PropertyValueSpecification","valueRequired":true,"valueName":"search_term_string"}}],"inLanguage":"en-US"},{"@type":"Organization","@id":"https:\/\/fundacjavoxdei.pl\/#organization","name":"Fundacja Vox Dei","url":"https:\/\/fundacjavoxdei.pl\/","logo":{"@type":"ImageObject","inLanguage":"en-US","@id":"https:\/\/fundacjavoxdei.pl\/#\/schema\/logo\/image\/","url":"https:\/\/fundacjavoxdei.pl\/wp-content\/uploads\/2025\/02\/Logo-Fundacja-VoxDei.png","contentUrl":"https:\/\/fundacjavoxdei.pl\/wp-content\/uploads\/2025\/02\/Logo-Fundacja-VoxDei.png","width":2832,"height":1556,"caption":"Fundacja Vox Dei"},"image":{"@id":"https:\/\/fundacjavoxdei.pl\/#\/schema\/logo\/image\/"}}]}},"_links":{"self":[{"href":"https:\/\/fundacjavoxdei.pl\/index.php?rest_route=\/wp\/v2\/pages\/1174","targetHints":{"allow":["GET"]}}],"collection":[{"href":"https:\/\/fundacjavoxdei.pl\/index.php?rest_route=\/wp\/v2\/pages"}],"about":[{"href":"https:\/\/fundacjavoxdei.pl\/index.php?rest_route=\/wp\/v2\/types\/page"}],"author":[{"embeddable":true,"href":"https:\/\/fundacjavoxdei.pl\/index.php?rest_route=\/wp\/v2\/users\/1"}],"replies":[{"embeddable":true,"href":"https:\/\/fundacjavoxdei.pl\/index.php?rest_route=%2Fwp%2Fv2%2Fcomments&post=1174"}],"version-history":[{"count":7,"href":"https:\/\/fundacjavoxdei.pl\/index.php?rest_route=\/wp\/v2\/pages\/1174\/revisions"}],"predecessor-version":[{"id":1181,"href":"https:\/\/fundacjavoxdei.pl\/index.php?rest_route=\/wp\/v2\/pages\/1174\/revisions\/1181"}],"wp:attachment":[{"href":"https:\/\/fundacjavoxdei.pl\/index.php?rest_route=%2Fwp%2Fv2%2Fmedia&parent=1174"}],"curies":[{"name":"wp","href":"https:\/\/api.w.org\/{rel}","templated":true}]}}